iple of 122?
False
Is 94668949 a multiple of 2288?
False
Is 286750962 a multiple of 333?
True
Does 6 divide 1512915174?
True
Does 40 divide 103444400?
True
Does 16 divide 313074688?
True
Is 14 a factor of 4339343?
False
Is 10290936 a multiple of 12?
True
Is 353 a factor of 65754016?
True
Does 573 divide 148534779?
True
Is 2199646 even?
True
Is 11 a factor of 553685935?
True
Does 10 divide 697172?
False
Is 9 a factor of 5781321?
True
Is 5591508672 a multiple of 3552?
True
Is 79 a factor of 1312905424?
True
Does 8 divide 12562775?
False
Does 17 divide 1524475?
True
Does 932 divide 5680613?
False
Does 34 divide 3114844332?
False
Is 26511932 a multiple of 5?
False
Does 128 divide 26507451?
False
Does 1797 divide 15738126?
True
Is 13 a factor of 28400754?
False
Is 250926485 even?
False
Is 93 a factor of 129839967?
False
Does 1406 divide 2981592229?
False
Does 5 divide 434023133?
False
Is 58609543 a multiple of 17?
False
Does 3 divide 12220465?
False
Is 1356080103 a multiple of 19?
True
Does 174 divide 195836478?
True
Is 2988 a factor of 91756955?
False
Is 47 a factor of 909677642?
False
Is 23910305 a multiple of 106?
False
Does 759 divide 53049162?
False
Does 1158 divide 47084280?
True
Is 18 a factor of 1331444627?
False
Is 26 a factor of 18139062?
False
Is 54 a factor of 1350384?
False
Does 413 divide 6484586927?
True
Is 6 a factor of 125506398?
True
Is 60337190 a multiple of 801?
False
Does 1030 divide 2644774260?
True
Does 322 divide 1231006?
True
Is 196210129 a multiple of 6?
False
Does 649 divide 97594426?
False
Does 467 divide 30973775?
True
Does 370 divide 7039250?
True
Does 63 divide 123458832?
True
Is 13842565 a multiple of 1406?
False
Is 598865866 a multiple of 20?
False
Does 869 divide 705770978?
False
Does 2875 divide 983962134?
False
Is 18 a factor of 469903787?
False
Is 459 a factor of 76406976?
True
Does 105 divide 4698750?
True
Is 22280958 a multiple of 24?
False
Does 45 divide 18351360?
True
Does 507 divide 1838846412?
True
Does 15 divide 57866925?
True
Does 43 divide 13708486?
True
Is 48 a factor of 22579251?
False
Is 115 a factor of 7197002?
False
Is 1501 a factor of 6228607?
False
Is 373 a factor of 400534860?
True
Is 3 a factor of 61582397?
False
Is 7512 a factor of 262146264?
True
Does 34 divide 337383356?
False
Is 1597 a factor of 1116911457?
True
Is 133 a factor of 21683311?
False
Is 43181060 a multiple of 65?
True
Is 47162058 a multiple of 708?
False
Is 158234009 a multiple of 83?
False
Is 730 a factor of 34342850?
True
Does 334 divide 44862871?
False
Does 27 divide 41637234?
False
Is 29 a factor of 26532101?
False
Is 376378996 a multiple of 7?
True
Is 30201390 a multiple of 140?
False
Is 150614512 a multiple of 31?
False
Does 218 divide 30462012?
True
Is 161 a factor of 395868893?
True
Is 141 a factor of 2537970053?
False
Does 15 divide 8338640?
False
Is 56319447 a multiple of 3?
True
Does 2719 divide 192804290?
True
Is 158894874 a multiple of 6158?
True
Is 29066982 a multiple of 12?
False
Is 4 a factor of 248096604?
True
Is 81 a factor of 314128354?
False
Does 61 divide 529743081?
False
Is 917 a factor of 8851139?
False
Does 88 divide 3567081848?
True
Is 2875 a factor of 178114875?
True
Is 12391344 a multiple of 36?
True
Is 2574602 a multiple of 247?
False
Is 598 a factor of 2026946?
False
Is 345 a factor of 68186490?
True
Is 139415610 a multiple of 201?
True
Is 534914465 a multiple of 241?
False
Does 149 divide 25830640?
True
Does 24 divide 199395236?
False
Does 5408 divide 285574334?
False
Is 307 a factor of 262856470?
True
Is 61 a factor of 99811250?
True
Does 3 divide 36323529?
True
Is 125721672 a multiple of 55?
False
Is 89 a factor of 110261341?
False
Is 137344091 a multiple of 291?
False
Is 727098143 a multiple of 17?
True
Is 8380569 a multiple of 41?
False
Does 71 divide 60861656?
False
Is 361540260 a multiple of 10?
True
Is 54008864 a multiple of 442?
True
Is 292544637 a multiple of 77?
True
Does 16 divide 468055568?
True
Is 250799040 a multiple of 160?
True
Is 16064366 a multiple of 7?
False
Is 147715649 a multiple of 35?
False
Is 99 a factor of 19076597?
False
Is 19 a factor of 116991304?
False
Does 110 divide 353681790?
True
Is 6572784 a multiple of 304?
True
Does 28 divide 23742572?
True
Is 249 a factor of 499291314?
True
Is 1695 a factor of 99873650?
False
Does 240 divide 16531168?
False
Is 38118606 a multiple of 3?
True
Does 564 divide 26966841?
False
Does 1787 divide 235619524?
True
Is 2280441040 a multiple of 11824?
False
Is 2235422124 a multiple of 1404?
True
Is 60 a factor of 121890478?
False
Is 1400787584 a multiple of 2547?
False
Is 250 a factor of 11597500?
True
Does 592 divide 851332704?
True
Is 617489960 a multiple of 5?
True
Is 296 a factor of 271639948?
False
Is 13 a factor of 277964050?
True
Does 589 divide 6054331?
True
Is 24609786 a multiple of 214?
True
Does 29 divide 27620818?
True
Is 27747530 a multiple of 178?
True
Is 329 a factor of 20843466?
True
Does 13 divide 276707892?
False
Is 1665116 a multiple of 68?
True
Does 529 divide 74739781?
False
Is 396 a factor of 545908955?
False
Is 376327580 a multiple of 19?
False
Is 93277332 a multiple of 2676?
True
Does 365 divide 277304209?
False
Is 1391 a factor of 28464033?
True
Does 6 divide 18264312?
True
Does 4 divide 6533677?
False
Is 15804955 a multiple of 211?
True
Is 51 a factor of 2150411?
False
Is 79 a factor of 2479644495?
True
Is 16 a factor of 1950245?
False
Is 400664437 a multiple of 4425?
False
Is 2806 a factor of 237507618?
False
Is 80044800 a multiple of 65?
False
Is 6525 a factor of 1974856500?
True
Is 622781265 a multiple of 24?
False
Is 2 a factor of 38929776?
True
Does 900 divide 5320793?
False
Does 4222 divide 844953082?
True
Is 1435 a factor of 16403119?
False
Is 69 a factor of 221317569?
True
Is 503 a factor of 1497573349?
True
Does 67 divide 1300418075?
True
Is 162 a factor of 4639044?
False
Does 43 divide 61628679?
False
Is 235826488 a multiple of 15?
False
Is 149 a factor of 92290869?
False
Is 43613350 a multiple of 620?
False
Does 1572 divide 300252?
True
Does 58 divide 220918520?
True
Is 109677125 a multiple of 1787?
True
Is 2301669082 a multiple of 38?
True
Does 19 divide 1110747049?
True
Does 1018 divide 672714760?
True
Does 108 divide 7330500?
True
Does 132 divide 35801568?
True
Does 4 divide 59148934?
False
Is 101094 a multiple of 1162?
True
Does 560 divide 420675360?
True
Is 94 a factor of 18134950?
True
Is 300944160 a multiple of 18?
True
Is 11 a factor of 41621623?
False
Does 205 divide 17748730?
False
Does 497 divide 17332378?
True
Is 13 a factor of 141859454?
False
Does 15 divide 2018516?
False
Does 49 divide 1164138668?
True
Does 160 divide 12804103?
False
Does 670 divide 203495750?
True
Does 708 divide 221043972?
True
Does 3680 divide 2882945120?
True
Is 6401 a factor of 132001422?
True
Does 1026 divide 840213682?
False
Does 169 divide 30718952?
False
Is 2255596890 a multiple of 118?
False
Is 8128041 a multiple of 6?
False
Is 1714121 a multiple of 9?
False
Is 41 a factor of 80401017?
False
Is 141 a factor of 128578962?
False
Does 1147 divide 153336695?
True
Is 165 a factor of 24459393?
False
Does 7 divide 634688932?
False
Is 104052139 a multiple of 16?
False
Is 2103969480 a multiple of 370?
True
Is 2708873668 a multiple of 218?
True
Is 154 a factor of 568414784?
False
Is 80 a factor of 140345616?
False
Does 71 divide 115020?
True
Is 484 a factor of 20762992?
False
Is 249475811 a multiple of 250?
False
Is 173628046 a multiple of 274?
True
Does 54 divide 96693173?
False
Is 1977580 a multiple of 3?
False
Does 75 divide 190120800?
True
Is 1732 a factor of 289235340?
True
Is 73 a factor of 55615769?
False
Is 127889442 a multiple of 718?
True
Does 13 divide 1367258?
False
Does 99 divide 309561219?
True
Is 293023858 a multiple of 4111?
True
Does 7 divide 2841674?
False
Is 3022126682 a multiple of 2907?
False
Is 80 a factor of 2886720?
True
Does 4036 divide 929914580?
True
Is 2323272 a multiple of 42?
True
Is 1127 a factor of 15069117?
True
Is 289 a factor of 18929269?
False
Is 3380 a factor of 44800861?
False
Does 193 divide 37421783?
False
Is 471 a factor of 59853433?
False
Is 50015030 a multiple of 38?
True
Does 25 divide 8867610?
False
Is 291 a factor of 53207895?
True
Is 65895864 a multiple of 1475?
False
Is 